{"id":244,"date":"2023-11-17T16:59:55","date_gmt":"2023-11-17T15:59:55","guid":{"rendered":"https:\/\/contratalla.art\/?post_type=product&#038;p=244"},"modified":"2023-11-17T16:59:55","modified_gmt":"2023-11-17T15:59:55","slug":"revista-ex-libris-77","status":"publish","type":"product","link":"https:\/\/contratalla.art\/index.php\/product\/revista-ex-libris-77\/","title":{"rendered":"Revista Ex-libris 77 &#8211; Luisa Garc\u00eda-Muro"},"content":{"rendered":"<p style=\"text-align: center;\"><strong>Revista Ex-libris 77<\/strong><\/p>\n<p><img data-recalc-dims=\"1\" loading=\"lazy\" decoding=\"async\" class=\"size-medium wp-image-242 aligncenter\" src=\"https:\/\/i0.wp.com\/contratalla.art\/wp-content\/uploads\/2023\/11\/Portada-77.jpg?resize=209%2C300\" alt=\"Revista Ex-libris 77, Portaveu de l'Associaci\u00f3 Catalana d'Exlibristes\" width=\"209\" height=\"300\" srcset=\"https:\/\/i0.wp.com\/contratalla.art\/wp-content\/uploads\/2023\/11\/Portada-77.jpg?resize=209%2C300&amp;ssl=1 209w, https:\/\/i0.wp.com\/contratalla.art\/wp-content\/uploads\/2023\/11\/Portada-77.jpg?resize=600%2C861&amp;ssl=1 600w, https:\/\/i0.wp.com\/contratalla.art\/wp-content\/uploads\/2023\/11\/Portada-77.jpg?resize=100%2C143&amp;ssl=1 100w, https:\/\/i0.wp.com\/contratalla.art\/wp-content\/uploads\/2023\/11\/Portada-77.jpg?w=676&amp;ssl=1 676w\" sizes=\"auto, (max-width: 209px) 100vw, 209px\" \/><\/p>\n<p>Monogr\u00e1fico sobre Luisa Garc\u00eda-Muro, artista y exlibrista.<\/p>\n<p>Una serie de art\u00edculos que muestran su trayectoria y su estilo inconfundible, ilustrados con m\u00e1s de 200 im\u00e1genes a color que conforman el listado de todos sus ex libris creados hasta la actualidad.<\/p>\n","protected":false},"excerpt":{"rendered":"<p>Revista Ex-libris 77<\/p>\n<p>Monogr\u00e1fico sobre Luisa Garc\u00eda-Muro, artista y exlibrista, que muestra su trayectoria y su estilo inconfundible, con m\u00e1s de 200 im\u00e1genes.<\/p>\n","protected":false},"featured_media":242,"comment_status":"open","ping_status":"closed","template":"","meta":{"jetpack_post_was_ever_published":false,"jetpack_publicize_message":"","jetpack_publicize_feature_enabled":true,"jetpack_social_post_already_shared":true,"jetpack_social_options":{"image_generator_settings":{"template":"highway","default_image_id":0,"font":"","enabled":false},"version":2}},"product_brand":[],"product_cat":[53],"product_tag":[51,52,50],"class_list":{"0":"post-244","1":"product","2":"type-product","3":"status-publish","4":"has-post-thumbnail","6":"product_cat-revista","7":"product_tag-ace","8":"product_tag-associacio-catalana-dexlibristes","9":"product_tag-revista-ex-libris","11":"first","12":"instock","13":"taxable","14":"shipping-taxable","15":"purchasable","16":"product-type-simple"},"aioseo_notices":[],"jetpack_publicize_connections":[],"jetpack-related-posts":[],"jetpack_sharing_enabled":true,"_links":{"self":[{"href":"https:\/\/contratalla.art\/index.php\/wp-json\/wp\/v2\/product\/244","targetHints":{"allow":["GET"]}}],"collection":[{"href":"https:\/\/contratalla.art\/index.php\/wp-json\/wp\/v2\/product"}],"about":[{"href":"https:\/\/contratalla.art\/index.php\/wp-json\/wp\/v2\/types\/product"}],"replies":[{"embeddable":true,"href":"https:\/\/contratalla.art\/index.php\/wp-json\/wp\/v2\/comments?post=244"}],"wp:featuredmedia":[{"embeddable":true,"href":"https:\/\/contratalla.art\/index.php\/wp-json\/wp\/v2\/media\/242"}],"wp:attachment":[{"href":"https:\/\/contratalla.art\/index.php\/wp-json\/wp\/v2\/media?parent=244"}],"wp:term":[{"taxonomy":"product_brand","embeddable":true,"href":"https:\/\/contratalla.art\/index.php\/wp-json\/wp\/v2\/product_brand?post=244"},{"taxonomy":"product_cat","embeddable":true,"href":"https:\/\/contratalla.art\/index.php\/wp-json\/wp\/v2\/product_cat?post=244"},{"taxonomy":"product_tag","embeddable":true,"href":"https:\/\/contratalla.art\/index.php\/wp-json\/wp\/v2\/product_tag?post=244"}],"curies":[{"name":"wp","href":"https:\/\/api.w.org\/{rel}","templated":true}]}}

Revista Ex-libris 77 &#8211; Luisa García-Muro

<p style="text-align: center;"><strong>Revista Ex-libris 77</strong></p>
<p><img data-recalc-dims="1" loading="lazy" decoding="async" class="size-medium wp-image-242 aligncenter" src="https://i0.wp.com/contratalla.art/wp-content/uploads/2023/11/Portada-77.jpg?resize=209%2C300" alt="Revista Ex-libris 77, Portaveu de l'Associació Catalana d'Exlibristes" width="209" height="300" srcset="https://i0.wp.com/contratalla.art/wp-content/uploads/2023/11/Portada-77.jpg?resize=209%2C300&amp;ssl=1 209w, https://i0.wp.com/contratalla.art/wp-content/uploads/2023/11/Portada-77.jpg?resize=600%2C861&amp;ssl=1 600w, https://i0.wp.com/contratalla.art/wp-content/uploads/2023/11/Portada-77.jpg?resize=100%2C143&amp;ssl=1 100w, https://i0.wp.com/contratalla.art/wp-content/uploads/2023/11/Portada-77.jpg?w=676&amp;ssl=1 676w" sizes="auto, (max-width: 209px) 100vw, 209px" /></p>
<p>Monográfico sobre Luisa García-Muro, artista y exlibrista.</p>
<p>Una serie de artículos que muestran su trayectoria y su estilo inconfundible, ilustrados con más de 200 imágenes a color que conforman el listado de todos sus ex libris creados hasta la actualidad.</p>

<p>Revista Ex-libris 77</p>
<p>Monográfico sobre Luisa García-Muro, artista y exlibrista, que muestra su trayectoria y su estilo inconfundible, con más de 200 imágenes.</p>
