{"id":77,"date":"2022-12-16T14:00:46","date_gmt":"2022-12-16T13:00:46","guid":{"rendered":"https:\/\/contratalla.wordpress.com\/?page_id=77"},"modified":"2023-09-27T19:19:18","modified_gmt":"2023-09-27T17:19:18","slug":"biennales-y-congresos","status":"publish","type":"page","link":"https:\/\/contratalla.art\/index.php\/biennales-y-congresos\/","title":{"rendered":"Bienales y Congresos de Contratalla Art"},"content":{"rendered":"\n<div class=\"wp-block-group alignfull has-text-color has-background\" style=\"color:#1d1e1e;background-color:#e1ded7;padding-top:7vw;padding-right:0px;padding-bottom:7vw\"><div class=\"wp-block-group__inner-container is-layout-flow wp-block-group-is-layout-flow\">\n<h2 class=\"wp-block-heading has-text-align-center\" style=\"font-size:28px;line-height:1.3\">Aqu\u00ed podr\u00e9is encontrar los enlaces a las bases de todas nuestras convocatorias presentes y pasadas, as\u00ed como los cat\u00e1logos digitales de las mismas.<\/h2>\n\n\n\n<div style=\"height:2vw\" aria-hidden=\"true\" class=\"wp-block-spacer\"><\/div>\n\n\n\n<p class=\"has-text-align-center has-blue-color has-text-color has-background has-larger-font-size\" style=\"background:linear-gradient(135deg,rgb(238,238,238) 29%,rgb(169,184,195) 98%)\"><strong>CAT\u00c1LOGOS<\/strong><\/p>\n\n\n\n<div class=\"wp-block-columns is-layout-flex wp-container-core-columns-is-layout-9d6595d7 wp-block-columns-is-layout-flex\">\n<div class=\"wp-block-column is-layout-flow wp-block-column-is-layout-flow\" style=\"flex-basis:100%\">\n<figure class=\"wp-block-gallery has-nested-images columns-default is-cropped is-style-rectangular wp-block-gallery-1 is-layout-flex wp-block-gallery-is-layout-flex\">\n<figure class=\"wp-block-image size-medium\"><img data-recalc-dims=\"1\" loading=\"lazy\" decoding=\"async\" width=\"262\" height=\"300\" data-id=\"80\" src=\"https:\/\/i0.wp.com\/contratalla.art\/wp-content\/uploads\/2022\/12\/i-biennal-262x300.png?resize=262%2C300&#038;ssl=1\" alt=\"Portada Cat\u00e1logo I Bienal Contratalla\" class=\"wp-image-80\" style=\"aspect-ratio:1;object-fit:cover\" srcset=\"https:\/\/i0.wp.com\/contratalla.art\/wp-content\/uploads\/2022\/12\/i-biennal.png?resize=262%2C300&amp;ssl=1 262w, https:\/\/i0.wp.com\/contratalla.art\/wp-content\/uploads\/2022\/12\/i-biennal.png?resize=896%2C1024&amp;ssl=1 896w, https:\/\/i0.wp.com\/contratalla.art\/wp-content\/uploads\/2022\/12\/i-biennal.png?resize=768%2C878&amp;ssl=1 768w, https:\/\/i0.wp.com\/contratalla.art\/wp-content\/uploads\/2022\/12\/i-biennal.png?resize=600%2C686&amp;ssl=1 600w, https:\/\/i0.wp.com\/contratalla.art\/wp-content\/uploads\/2022\/12\/i-biennal.png?w=1069&amp;ssl=1 1069w\" sizes=\"auto, (max-width: 262px) 100vw, 262px\" \/><\/figure>\n\n\n\n<figure class=\"wp-block-image size-medium\"><img data-recalc-dims=\"1\" loading=\"lazy\" decoding=\"async\" width=\"267\" height=\"300\" data-id=\"85\" src=\"https:\/\/i0.wp.com\/contratalla.art\/wp-content\/uploads\/2022\/12\/ii-biennal-267x300.png?resize=267%2C300&#038;ssl=1\" alt=\"Portada Cat\u00e1logo II Bienal Contratalla\" class=\"wp-image-85\" style=\"aspect-ratio:1;object-fit:cover\" srcset=\"https:\/\/i0.wp.com\/contratalla.art\/wp-content\/uploads\/2022\/12\/ii-biennal.png?resize=267%2C300&amp;ssl=1 267w, https:\/\/i0.wp.com\/contratalla.art\/wp-content\/uploads\/2022\/12\/ii-biennal.png?resize=913%2C1024&amp;ssl=1 913w, https:\/\/i0.wp.com\/contratalla.art\/wp-content\/uploads\/2022\/12\/ii-biennal.png?resize=768%2C862&amp;ssl=1 768w, https:\/\/i0.wp.com\/contratalla.art\/wp-content\/uploads\/2022\/12\/ii-biennal.png?resize=600%2C673&amp;ssl=1 600w, https:\/\/i0.wp.com\/contratalla.art\/wp-content\/uploads\/2022\/12\/ii-biennal.png?w=1089&amp;ssl=1 1089w\" sizes=\"auto, (max-width: 267px) 100vw, 267px\" \/><\/figure>\n\n\n\n<figure class=\"wp-block-image size-medium\"><img data-recalc-dims=\"1\" loading=\"lazy\" decoding=\"async\" width=\"261\" height=\"300\" data-id=\"81\" src=\"https:\/\/i0.wp.com\/contratalla.art\/wp-content\/uploads\/2022\/12\/iii-biennal-261x300.png?resize=261%2C300&#038;ssl=1\" alt=\"Portada Cat\u00e1logo III Bienal Contratalla\" class=\"wp-image-81\" style=\"aspect-ratio:1;object-fit:cover\" srcset=\"https:\/\/i0.wp.com\/contratalla.art\/wp-content\/uploads\/2022\/12\/iii-biennal.png?resize=261%2C300&amp;ssl=1 261w, https:\/\/i0.wp.com\/contratalla.art\/wp-content\/uploads\/2022\/12\/iii-biennal.png?resize=890%2C1024&amp;ssl=1 890w, https:\/\/i0.wp.com\/contratalla.art\/wp-content\/uploads\/2022\/12\/iii-biennal.png?resize=768%2C883&amp;ssl=1 768w, https:\/\/i0.wp.com\/contratalla.art\/wp-content\/uploads\/2022\/12\/iii-biennal.png?resize=600%2C690&amp;ssl=1 600w, https:\/\/i0.wp.com\/contratalla.art\/wp-content\/uploads\/2022\/12\/iii-biennal.png?w=1073&amp;ssl=1 1073w\" sizes=\"auto, (max-width: 261px) 100vw, 261px\" \/><\/figure>\n\n\n\n<figure class=\"wp-block-image size-medium\"><img data-recalc-dims=\"1\" loading=\"lazy\" decoding=\"async\" width=\"258\" height=\"300\" data-id=\"86\" src=\"https:\/\/i0.wp.com\/contratalla.art\/wp-content\/uploads\/2022\/12\/iv-biennal-258x300.png?resize=258%2C300&#038;ssl=1\" alt=\"Portada Cat\u00e1logo IV Bienal Contratalla\" class=\"wp-image-86\" style=\"aspect-ratio:1;object-fit:cover\" srcset=\"https:\/\/i0.wp.com\/contratalla.art\/wp-content\/uploads\/2022\/12\/iv-biennal.png?resize=258%2C300&amp;ssl=1 258w, https:\/\/i0.wp.com\/contratalla.art\/wp-content\/uploads\/2022\/12\/iv-biennal.png?resize=882%2C1024&amp;ssl=1 882w, https:\/\/i0.wp.com\/contratalla.art\/wp-content\/uploads\/2022\/12\/iv-biennal.png?resize=768%2C891&amp;ssl=1 768w, https:\/\/i0.wp.com\/contratalla.art\/wp-content\/uploads\/2022\/12\/iv-biennal.png?resize=600%2C696&amp;ssl=1 600w, https:\/\/i0.wp.com\/contratalla.art\/wp-content\/uploads\/2022\/12\/iv-biennal.png?w=1070&amp;ssl=1 1070w\" sizes=\"auto, (max-width: 258px) 100vw, 258px\" \/><\/figure>\n\n\n\n<figure class=\"wp-block-image size-medium\"><a href=\"https:\/\/drive.google.com\/file\/d\/0BwGe0yAXIN8AekwyOTgyb25RZWM\/view?usp=sharing&amp;resourcekey=0-BXUSJCCwEPKFh3L71sUlFQ\"><img data-recalc-dims=\"1\" loading=\"lazy\" decoding=\"async\" width=\"220\" height=\"300\" data-id=\"196\" src=\"https:\/\/i0.wp.com\/contratalla.art\/wp-content\/uploads\/2023\/09\/Portada-Cataleg-VII-Biennal-Contratalla-1-220x300.jpg?resize=220%2C300&#038;ssl=1\" alt=\"Portada Cat\u00e1logo VII Bienal Contratalla\" class=\"wp-image-196\" style=\"aspect-ratio:1;object-fit:cover\" srcset=\"https:\/\/i0.wp.com\/contratalla.art\/wp-content\/uploads\/2023\/09\/Portada-Cataleg-VII-Biennal-Contratalla-1-scaled.jpg?resize=220%2C300&amp;ssl=1 220w, https:\/\/i0.wp.com\/contratalla.art\/wp-content\/uploads\/2023\/09\/Portada-Cataleg-VII-Biennal-Contratalla-1-scaled.jpg?resize=751%2C1024&amp;ssl=1 751w, https:\/\/i0.wp.com\/contratalla.art\/wp-content\/uploads\/2023\/09\/Portada-Cataleg-VII-Biennal-Contratalla-1-scaled.jpg?resize=768%2C1047&amp;ssl=1 768w, https:\/\/i0.wp.com\/contratalla.art\/wp-content\/uploads\/2023\/09\/Portada-Cataleg-VII-Biennal-Contratalla-1-scaled.jpg?resize=1127%2C1536&amp;ssl=1 1127w, https:\/\/i0.wp.com\/contratalla.art\/wp-content\/uploads\/2023\/09\/Portada-Cataleg-VII-Biennal-Contratalla-1-scaled.jpg?resize=1502%2C2048&amp;ssl=1 1502w, https:\/\/i0.wp.com\/contratalla.art\/wp-content\/uploads\/2023\/09\/Portada-Cataleg-VII-Biennal-Contratalla-1-scaled.jpg?resize=1320%2C1800&amp;ssl=1 1320w, https:\/\/i0.wp.com\/contratalla.art\/wp-content\/uploads\/2023\/09\/Portada-Cataleg-VII-Biennal-Contratalla-1-scaled.jpg?resize=600%2C818&amp;ssl=1 600w, https:\/\/i0.wp.com\/contratalla.art\/wp-content\/uploads\/2023\/09\/Portada-Cataleg-VII-Biennal-Contratalla-1-scaled.jpg?w=1878&amp;ssl=1 1878w, https:\/\/i0.wp.com\/contratalla.art\/wp-content\/uploads\/2023\/09\/Portada-Cataleg-VII-Biennal-Contratalla-1-scaled.jpg?w=1580 1580w\" sizes=\"auto, (max-width: 220px) 100vw, 220px\" \/><\/a><\/figure>\n\n\n\n<figure class=\"wp-block-image size-medium\"><a href=\"https:\/\/drive.google.com\/file\/d\/1p0k6pi9pOUzI0cdufgunPXTWBv-jqQCS\/view?usp=sharing\"><img data-recalc-dims=\"1\" loading=\"lazy\" decoding=\"async\" width=\"211\" height=\"300\" data-id=\"83\" src=\"https:\/\/i0.wp.com\/contratalla.art\/wp-content\/uploads\/2022\/12\/viii-211x300.jpg?resize=211%2C300&#038;ssl=1\" alt=\"Portada Cat\u00e1logo VIII Bienal Contratalla\" class=\"wp-image-83\" style=\"aspect-ratio:1;object-fit:cover\" srcset=\"https:\/\/i0.wp.com\/contratalla.art\/wp-content\/uploads\/2022\/12\/viii-scaled.jpg?resize=211%2C300&amp;ssl=1 211w, https:\/\/i0.wp.com\/contratalla.art\/wp-content\/uploads\/2022\/12\/viii-scaled.jpg?resize=720%2C1024&amp;ssl=1 720w, https:\/\/i0.wp.com\/contratalla.art\/wp-content\/uploads\/2022\/12\/viii-scaled.jpg?resize=768%2C1092&amp;ssl=1 768w, https:\/\/i0.wp.com\/contratalla.art\/wp-content\/uploads\/2022\/12\/viii-scaled.jpg?resize=1080%2C1536&amp;ssl=1 1080w, https:\/\/i0.wp.com\/contratalla.art\/wp-content\/uploads\/2022\/12\/viii-scaled.jpg?resize=1440%2C2048&amp;ssl=1 1440w, https:\/\/i0.wp.com\/contratalla.art\/wp-content\/uploads\/2022\/12\/viii-scaled.jpg?resize=600%2C853&amp;ssl=1 600w, https:\/\/i0.wp.com\/contratalla.art\/wp-content\/uploads\/2022\/12\/viii-scaled.jpg?w=1800&amp;ssl=1 1800w, https:\/\/i0.wp.com\/contratalla.art\/wp-content\/uploads\/2022\/12\/viii-scaled.jpg?w=1580 1580w\" sizes=\"auto, (max-width: 211px) 100vw, 211px\" \/><\/a><\/figure>\n\n\n\n<figure class=\"wp-block-image size-medium\"><a href=\"https:\/\/drive.google.com\/file\/d\/1jEu2hP-paxwZ-b0XLcvRl4zN8ILRYI08\/view?usp=sharing\"><img data-recalc-dims=\"1\" loading=\"lazy\" decoding=\"async\" width=\"211\" height=\"300\" data-id=\"87\" src=\"https:\/\/i0.wp.com\/contratalla.art\/wp-content\/uploads\/2022\/12\/ix-211x300.jpg?resize=211%2C300&#038;ssl=1\" alt=\"Portada Cat\u00e1logo IX Bienal Contratalla\" class=\"wp-image-87\" style=\"aspect-ratio:1;object-fit:cover\" srcset=\"https:\/\/i0.wp.com\/contratalla.art\/wp-content\/uploads\/2022\/12\/ix-scaled.jpg?resize=211%2C300&amp;ssl=1 211w, https:\/\/i0.wp.com\/contratalla.art\/wp-content\/uploads\/2022\/12\/ix-scaled.jpg?resize=719%2C1024&amp;ssl=1 719w, https:\/\/i0.wp.com\/contratalla.art\/wp-content\/uploads\/2022\/12\/ix-scaled.jpg?resize=768%2C1094&amp;ssl=1 768w, https:\/\/i0.wp.com\/contratalla.art\/wp-content\/uploads\/2022\/12\/ix-scaled.jpg?resize=1078%2C1536&amp;ssl=1 1078w, https:\/\/i0.wp.com\/contratalla.art\/wp-content\/uploads\/2022\/12\/ix-scaled.jpg?resize=1438%2C2048&amp;ssl=1 1438w, https:\/\/i0.wp.com\/contratalla.art\/wp-content\/uploads\/2022\/12\/ix-scaled.jpg?resize=600%2C855&amp;ssl=1 600w, https:\/\/i0.wp.com\/contratalla.art\/wp-content\/uploads\/2022\/12\/ix-scaled.jpg?w=1797&amp;ssl=1 1797w, https:\/\/i0.wp.com\/contratalla.art\/wp-content\/uploads\/2022\/12\/ix-scaled.jpg?w=1580 1580w\" sizes=\"auto, (max-width: 211px) 100vw, 211px\" \/><\/a><\/figure>\n\n\n\n<figure class=\"wp-block-image size-medium\"><a href=\"https:\/\/drive.google.com\/file\/d\/1XYqKHyJYkpappyiCPxAPmG-3j_r19xMp\/view?usp=sharing\"><img data-recalc-dims=\"1\" loading=\"lazy\" decoding=\"async\" width=\"211\" height=\"300\" data-id=\"84\" src=\"https:\/\/i0.wp.com\/contratalla.art\/wp-content\/uploads\/2022\/12\/x-211x300.jpg?resize=211%2C300&#038;ssl=1\" alt=\"Portada Cat\u00e1logo X Bienal Contratalla\" class=\"wp-image-84\" style=\"aspect-ratio:1;object-fit:cover\" srcset=\"https:\/\/i0.wp.com\/contratalla.art\/wp-content\/uploads\/2022\/12\/x-scaled.jpg?resize=211%2C300&amp;ssl=1 211w, https:\/\/i0.wp.com\/contratalla.art\/wp-content\/uploads\/2022\/12\/x-scaled.jpg?resize=719%2C1024&amp;ssl=1 719w, https:\/\/i0.wp.com\/contratalla.art\/wp-content\/uploads\/2022\/12\/x-scaled.jpg?resize=768%2C1094&amp;ssl=1 768w, https:\/\/i0.wp.com\/contratalla.art\/wp-content\/uploads\/2022\/12\/x-scaled.jpg?resize=1078%2C1536&amp;ssl=1 1078w, https:\/\/i0.wp.com\/contratalla.art\/wp-content\/uploads\/2022\/12\/x-scaled.jpg?resize=1438%2C2048&amp;ssl=1 1438w, https:\/\/i0.wp.com\/contratalla.art\/wp-content\/uploads\/2022\/12\/x-scaled.jpg?resize=600%2C855&amp;ssl=1 600w, https:\/\/i0.wp.com\/contratalla.art\/wp-content\/uploads\/2022\/12\/x-scaled.jpg?w=1797&amp;ssl=1 1797w, https:\/\/i0.wp.com\/contratalla.art\/wp-content\/uploads\/2022\/12\/x-scaled.jpg?w=1580 1580w\" sizes=\"auto, (max-width: 211px) 100vw, 211px\" \/><\/a><\/figure>\n\n\n\n<figure class=\"wp-block-image size-medium\"><a href=\"http:\/\/contratalla.art\/wp-content\/uploads\/2023\/09\/Cataleg-bienal-2023.pdf\"><img data-recalc-dims=\"1\" loading=\"lazy\" decoding=\"async\" width=\"211\" height=\"300\" data-id=\"166\" src=\"https:\/\/i0.wp.com\/contratalla.art\/wp-content\/uploads\/2023\/09\/Cataleg-bienal-2023-1-211x300.jpg?resize=211%2C300&#038;ssl=1\" alt=\"Portada Cat\u00e1logo XI Bienal Contratalla\" class=\"wp-image-166\" style=\"aspect-ratio:1;object-fit:cover\" srcset=\"https:\/\/i0.wp.com\/contratalla.art\/wp-content\/uploads\/2023\/09\/Cataleg-bienal-2023-1.jpg?resize=211%2C300&amp;ssl=1 211w, https:\/\/i0.wp.com\/contratalla.art\/wp-content\/uploads\/2023\/09\/Cataleg-bienal-2023-1.jpg?w=591&amp;ssl=1 591w\" sizes=\"auto, (max-width: 211px) 100vw, 211px\" \/><\/a><\/figure>\n<\/figure>\n<\/div>\n<\/div>\n\n\n\n<figure class=\"wp-block-gallery has-nested-images columns-default is-cropped wp-block-gallery-2 is-layout-flex wp-block-gallery-is-layout-flex\"><\/figure>\n<\/div><\/div>\n","protected":false},"excerpt":{"rendered":"<p>Aqu\u00ed podr\u00e9is encontrar los enlaces a las bases de todas nuestras convocatorias presentes y pasadas, as\u00ed como los cat\u00e1logos digitales de las mismas. CAT\u00c1LOGOS<\/p>\n","protected":false},"author":1,"featured_media":0,"parent":0,"menu_order":0,"comment_status":"closed","ping_status":"closed","template":"","meta":{"jetpack_post_was_ever_published":false,"footnotes":""},"class_list":["post-77","page","type-page","status-publish","hentry"],"aioseo_notices":[],"jetpack-related-posts":[],"jetpack_shortlink":"https:\/\/wp.me\/Pf96kx-1f","jetpack_sharing_enabled":true,"_links":{"self":[{"href":"https:\/\/contratalla.art\/index.php\/wp-json\/wp\/v2\/pages\/77","targetHints":{"allow":["GET"]}}],"collection":[{"href":"https:\/\/contratalla.art\/index.php\/wp-json\/wp\/v2\/pages"}],"about":[{"href":"https:\/\/contratalla.art\/index.php\/wp-json\/wp\/v2\/types\/page"}],"author":[{"embeddable":true,"href":"https:\/\/contratalla.art\/index.php\/wp-json\/wp\/v2\/users\/1"}],"replies":[{"embeddable":true,"href":"https:\/\/contratalla.art\/index.php\/wp-json\/wp\/v2\/comments?post=77"}],"version-history":[{"count":7,"href":"https:\/\/contratalla.art\/index.php\/wp-json\/wp\/v2\/pages\/77\/revisions"}],"predecessor-version":[{"id":199,"href":"https:\/\/contratalla.art\/index.php\/wp-json\/wp\/v2\/pages\/77\/revisions\/199"}],"wp:attachment":[{"href":"https:\/\/contratalla.art\/index.php\/wp-json\/wp\/v2\/media?parent=77"}],"curies":[{"name":"wp","href":"https:\/\/api.w.org\/{rel}","templated":true}]}}