{"id":72,"date":"2022-10-27T19:07:15","date_gmt":"2022-10-27T17:07:15","guid":{"rendered":"https:\/\/contratalla.wordpress.com\/politica-de-privacidad\/"},"modified":"2023-11-06T17:39:40","modified_gmt":"2023-11-06T16:39:40","slug":"terminos-y-condiciones","status":"publish","type":"page","link":"https:\/\/contratalla.art\/index.php\/terminos-y-condiciones\/","title":{"rendered":"T\u00e9rminos y condiciones"},"content":{"rendered":"\n<p>CONDICIONES DE USO<\/p>\n\n\n\n<p>La direcci\u00f3n de nuestra web es: https:\/\/www.contratalla.art<\/p>\n\n\n\n<p>El uso de este sitio web est\u00e1 condicionado a la aceptaci\u00f3n por los usuarios de los t\u00e9rminos y condiciones aqu\u00ed detallados.&nbsp; &nbsp;Al usar este sitio web se entender\u00e1 que usted manifiesta su acuerdo, de forma t\u00e1cita, plena y sin reservas, con la totalidad del contenido de las presentes condiciones de uso en su versi\u00f3n publicada en el sitio web en el momento del acceso. Si no las acepta, es libre de abandonar el sitio web.<\/p>\n\n\n\n<p>Contratalla Art se reserva el derecho a modificar las presentes condiciones de uso cuando lo considere oportuno y sin previo aviso. El uso de este sitio web estar\u00e1 sujeto a la versi\u00f3n m\u00e1s reciente publicada en el sitio en el momento del acceso.<\/p>\n\n\n\n<p>PROPIEDAD DE ESTA P\u00c1GINA&nbsp;WEB<\/p>\n\n\n\n<p>Este sitio web es propiedad de Contratalla Art y act\u00faa mercantilmente como portal de arte. Todos los derechos del contenido incluido en dicha web, as\u00ed como las im\u00e1genes, textos, videos e ilustraciones son propiedad de Contratalla Art o sus artistas.<\/p>\n\n\n\n<p>USO DEL CONTENIDO<\/p>\n\n\n\n<p>A menos que sea expl\u00edcitamente autorizado por Contratalla Art, usted no puede reproducir, transmitir o explotar el contenido de esta web de ning\u00fan modo. Deber\u00e1 atenerse a las condiciones de uso establecidas y deber\u00e1 indemnizar a Contratalla Art y sus artistas contra cualquier p\u00e9rdida, gasto, coste, da\u00f1o o perjuicio que resulte del incumplimiento por su parte de las presentes condiciones o del uso del contenido de esta web sin previa autorizaci\u00f3n.<\/p>\n\n\n\n<p>LEGISLACI\u00d3N Y JURISDICCI\u00d3N APLICABLE<\/p>\n\n\n\n<p>Estas condiciones deben ser interpretadas y est\u00e1n regidas por la legislaci\u00f3n espa\u00f1ola y cualquier disputa derivada de estas condiciones deber\u00e1 dirimirse ante los tribunales de Barcelona, Espa\u00f1a.<\/p>\n\n\n\n<p>CONFIDENCIALIDAD<\/p>\n\n\n\n<p>En Contratalla Art respetamos su derecho a la intimidad y comprendemos lo importante que es para usted la confidencialidad y seguridad de los datos que le identifican como usuario de nuestro portal.<\/p>\n\n\n\n<p>A tal efecto, deseamos informarle de lo siguiente:<\/p>\n\n\n\n<p>\u2013 cuando se registre o compre en nuestro portal, deber\u00e1 especificar su nombre y apellidos, domicilio, direcci\u00f3n de correo electr\u00f3nico y n\u00famero de tel\u00e9fono. Estos datos nos permitir\u00e1n tramitar su pedido, as\u00ed como informarle puntualmente del estado del mismo.<\/p>\n\n\n\n<p>\u2013 las operaciones de pago online a trav\u00e9s de la pasarela de pagos de Paypal se realizan mediante un servidor seguro. Contratalla Art no almacena los datos correspondientes a su tarjeta de cr\u00e9dito o d\u00e9bito. El software de dicho servidor codifica la informaci\u00f3n referente a su tarjeta, lo que garantiza la confidencialidad y seguridad de la misma.<\/p>\n\n\n\n<p>PROTECCI\u00d3N DE DATOS<\/p>\n\n\n\n<p>En Contratalla Art disponemos de estrictos procedimientos de seguridad relativos al almacenamiento y revelaci\u00f3n de datos al objeto de evitar todo acceso no autorizado a los mismos, de acuerdo con lo que dispone el art\u00edculo 9 de la ley org\u00e1nica 15\/1999, de protecci\u00f3n de datos de car\u00e1cter personal.<\/p>\n\n\n\n<p>Contratalla Art le informa que, tras cumplimentar el formulario de registro, incorporar\u00e1 sus datos personales a un fichero automatizado de datos.<\/p>\n\n\n\n<p>Contratalla Art le garantiza que tratar\u00e1 confidencialmente sus datos personales por cuanto que los ficheros en los cuales se almacenar\u00e1n y tratar\u00e1n dichos datos gozan de las medidas de seguridad necesarias para evitar la p\u00e9rdida, el tratamiento o el acceso no autorizado a dichos datos por parte de terceros.<\/p>\n\n\n\n<p>Por ello, y en cumplimiento con lo establecido en la ley 34\/2002, de 11 de julio, de servicios de la sociedad de la informaci\u00f3n y de comercio electr\u00f3nico, Contratalla Art informa que podr\u00e1 utilizar las direcciones de correo electr\u00f3nico facilitadas para remitirle informaci\u00f3n de car\u00e1cter cultural y comercial de inter\u00e9s relativa a la actividad de la galer\u00eda.<\/p>\n\n\n\n<p>Asimismo, le informamos de su capacidad de ejercer, en los t\u00e9rminos establecidos en la LOPD, los derechos de acceso, rectificaci\u00f3n, cancelaci\u00f3n y oposici\u00f3n de sus datos de car\u00e1cter personal, siendo el responsable del fichero Contratalla Art.<\/p>\n\n\n\n<p>En caso de que no quieran recibir m\u00e1s comunicaciones por parte de Contratalla Art, pueden enviarnos un correo electr\u00f3nico a contratallaart@gmail.com, donde nos manifieste su voluntad de desvincularse de todo contacto con nosotros.<\/p>\n\n\n\n<p>CONDICIONES GENERALES DE COMPRA<\/p>\n\n\n\n<p>Las compras realizadas en Contratalla Art quedan sometidas a las condiciones generales de compra contenidas en la p\u00e1gina en el momento de cursarse la correspondiente orden de compra. La formalizaci\u00f3n de un pedido conlleva la \u00edntegra aceptaci\u00f3n de las mismas.<\/p>\n\n\n\n<p>CELEBRACI\u00d3N DEL CONTRATO&nbsp;<\/p>\n\n\n\n<p>La informaci\u00f3n relativa a la disponibilidad de una obra de arte, que aparece en la p\u00e1gina, est\u00e1 sujeta a cambios sin previo aviso que dependen de la demanda de nuestros clientes y de la disposici\u00f3n de nuestros artistas.<\/p>\n\n\n\n<p>Cuando realice un pedido se lo confirmaremos por correo electr\u00f3nico y le informaremos sobre cualquier modificaci\u00f3n de disponibilidad relativa a las obras que desea. Debe revisar dicho correo y comunicarnos de inmediato cualquier error o discrepancia con respecto al precio, la entrega o la forma de pago.<\/p>\n\n\n\n<p>Contratalla Art se reserva el derecho de anular aquellos pedidos efectuados en base a errores tipogr\u00e1ficos, aritm\u00e9ticos o que contengan una direcci\u00f3n de env\u00edo imprecisa que pueda dificultar la entrega de las obras.<\/p>\n\n\n\n<p>Contratalla Art respeta su derecho a cambiar de opini\u00f3n. Si desea anular un pedido que todav\u00eda no ha sido expedido, puede hacerlo indicando por escrito a la direcci\u00f3n electr\u00f3nica contratallaart@gmail.com el n\u00famero de pedido que desea cancelar.<\/p>\n\n\n\n<p>ENTREGA&nbsp;<\/p>\n\n\n\n<p>Los pedidos ser\u00e1n entregados en un \u00fanico env\u00edo.<\/p>\n\n\n\n<p>Los gastos de env\u00edo ser\u00e1n abonados independientemente para cada env\u00edo.<\/p>\n\n\n\n<p>El plazo de entrega de cada art\u00edculo quedar\u00e1 sujeto al lugar de destino del pedido, a la disponibilidad de las obras y al tipo de env\u00edo que haya solicitado.<\/p>\n\n\n\n<p>En los env\u00edos internacionales, los costes adicionales derivados de los diferentes despachos de aduanas, deber\u00e1n ser abonados por el cliente.<\/p>\n\n\n\n<p>MEDIOS DE PAGO&nbsp;<\/p>\n\n\n\n<p>Contratalla Art acepta como medios de pago electr\u00f3nico las tarjetas de cr\u00e9dito o d\u00e9bito correspondientes a las siguientes entidades: 4B, Visa y Mastercard.<\/p>\n\n\n\n<p>El importe de su compra se cargar\u00e1 en su tarjeta de cr\u00e9dito en el momento de la aceptaci\u00f3n de pago en la pasarela de pagos electr\u00f3nica de Paypal. Si el cliente solicita de su banco la anulaci\u00f3n de un cargo por una compra efectivamente realizada, quedar\u00e1 obligado frente a Contratalla Art al resarcimiento de los da\u00f1os y perjuicios como consecuencia de la anulaci\u00f3n de dicho cargo.<\/p>\n\n\n\n<p>DEVOLUCI\u00d3N&nbsp;<\/p>\n\n\n\n<p>Contratalla Art aceptar\u00e1 todas las devoluciones que se efect\u00faen dentro del plazo se\u00f1alado (30 d\u00edas desde la recepci\u00f3n del art\u00edculo) y siempre que la obra de arte se encuentre en perfecto estado.<\/p>\n\n\n\n<p>Una vez recibida la obra en nuestro domicilio en Tarragona, Contratalla Art proceder\u00e1 a la comprobaci\u00f3n de su estado antes de proceder al reintegro de su importe.<\/p>\n\n\n\n<p>IMPUESTOS&nbsp;<\/p>\n\n\n\n<p>Contratalla Art aplica los impuestos seg\u00fan lo establecido por la legislaci\u00f3n espa\u00f1ola vigente.<\/p>\n\n\n\n<p>LEY APLICABLE&nbsp;<\/p>\n\n\n\n<p>Las compras realizadas en Contratalla Art quedan sometidas a la normativa vigente espa\u00f1ola y al resto de la legislaci\u00f3n concordante.<\/p>\n\n\n\n<p>Respecto a cualquier discrepancia o divergencia que pudiera surgir sobre el cumplimiento o la interpretaci\u00f3n del acuerdo de compra alcanzado, o alguna de sus condiciones, las partes se&nbsp;someten a los juzgados y tribunales de Barcelona.<\/p>\n\n\n\n<p>POL\u00cdTICA DE COOKIES<\/p>\n\n\n\n<p>Normativa europea<\/p>\n\n\n\n<p>Ley de Servicios de la Sociedad de la Informaci\u00f3n (LSSI)<\/p>\n\n\n\n<p>Esta web utiliza tanto \u2018cookies\u2019 temporales de sesi\u00f3n como \u2018cookies\u2019 permanentes. Las \u2018cookies\u2019 de sesi\u00f3n almacenan datos \u00fanicamente mientras el usuario accede a la web y las \u2018cookies\u2019 permanentes almacenan los datos en el terminal para que sean accedidos y utilizados en m\u00e1s de una sesi\u00f3n.<\/p>\n\n\n\n<p>Seg\u00fan la finalidad para la que se traten los datos obtenidos a trav\u00e9s de las \u2018cookies\u2019, el web puede utilizar:<\/p>\n\n\n\n<p>\u2018Cookies\u2019 t\u00e9cnicas<br>Son aqu\u00e9llas que permiten al usuario la navegaci\u00f3n a trav\u00e9s de la p\u00e1gina web o aplicaci\u00f3n y la utilizaci\u00f3n de las diferentes opciones o servicios que en ella existen. Por ejemplo, controlar el tr\u00e1fico y la comunicaci\u00f3n de datos, identificar la sesi\u00f3n, acceder a las partes web de acceso restringido, recordar los elementos que integran un pedido, realizar la solicitud de inscripci\u00f3n o participaci\u00f3n en un evento, utilizar elementos de seguridad durante la navegaci\u00f3n y almacenar contenidos para la difusi\u00f3n de videos o sonido.<\/p>\n\n\n\n<p>\u2018Cookies\u2019 de personalizaci\u00f3n<br>Son aqu\u00e9llas que permiten al usuario acceder al servicio con algunas caracter\u00edsticas de car\u00e1cter general predefinidas en su terminal o que el propio usuario defina. Por ejemplo, el idioma, el tipo de navegador a trav\u00e9s del cual accede al servicio, el dise\u00f1o de contenidos seleccionado, geolocalizaci\u00f3n del terminal y la configuraci\u00f3n regional desde donde se accede al servicio.<\/p>\n\n\n\n<p>\u2018Cookies\u2019 publicitarias&nbsp;<\/p>\n\n\n\n<p>Son aqu\u00e9llas que permiten la gesti\u00f3n eficaz de los espacios publicitarios que se han incluido en la p\u00e1gina web o aplicaci\u00f3n desde la que se presta el servicio. Permiten adecuar el contenido de la publicidad para que esta sea relevante para el usuario y para evitar mostrar anuncios que el usuario ya haya visto.<\/p>\n\n\n\n<p>\u2018Cookies\u2019 de an\u00e1lisis estad\u00edstico<br>Son aqu\u00e9llas que permiten realizar el seguimiento y an\u00e1lisis del comportamiento de los usuarios en los sitios web. La informaci\u00f3n recogida mediante este tipo de \u2018cookies\u2019 se utiliza en la medici\u00f3n de la actividad de los sitios web, aplicaci\u00f3n o plataforma y para la elaboraci\u00f3n de perfiles de navegaci\u00f3n de los usuarios de dichos sitios, con el fin de introducir mejoras en el servicio en funci\u00f3n de los datos de uso que hacen los usuarios.<\/p>\n\n\n\n<p>\u2018Cookies\u2019 de terceros<br>En algunas p\u00e1ginas web se pueden instalar \u2018cookies\u2019 de terceros que permiten gestionar y mejorar los servicios ofrecidos. Como por ejemplo, servicios estad\u00edsticos de Google Analytics y Comscore.<\/p>\n\n\n\n<p>\u00bfC\u00f3mo administrar \u2018cookies\u2019 en el navegador?&nbsp;<\/p>\n\n\n\n<p>El usuario tiene la opci\u00f3n de permitir, bloquear o eliminar las \u2018cookies\u2019 instaladas en su equipo mediante la configuraci\u00f3n de las opciones del navegador instalado en su terminal:<\/p>\n\n\n\n<p>Para ajustar los permisos relacionados con las \u2018cookies\u2019 en el navegador&nbsp;Google Chrome:&nbsp;<\/p>\n\n\n\n<p>\u2013 Hacer clic en el men\u00fa situado en la barra de herramientas.<\/p>\n\n\n\n<p>\u2013 Seleccionar Configuraci\u00f3n.<\/p>\n\n\n\n<p>\u2013 Hacer clic en Mostrar opciones avanzadas.<\/p>\n\n\n\n<p>\u2013 En la secci\u00f3n \u2018Privacidad\u2019 hacer clic en el bot\u00f3n Configuraci\u00f3n de contenido.<\/p>\n\n\n\n<p>\u2013 En la secci\u00f3n de \u2018Cookies\u2019 se pueden configurar las opciones.<\/p>\n\n\n\n<p>[&nbsp;<a href=\"https:\/\/support.google.com\/chrome\/answer\/95647?hl=es\">M\u00e1s informaci\u00f3n sobre Google Chrome<\/a>&nbsp;]<\/p>\n\n\n\n<p>Para ajustar los permisos relacionados con las \u2018cookies\u2019 en el navegador&nbsp;Mozilla Firefox:&nbsp;<\/p>\n\n\n\n<p>\u2013 En la parte superior de la ventana de Firefox hacer clic en el men\u00fa Herramientas.<\/p>\n\n\n\n<p>\u2013 Seleccionar Opciones.<\/p>\n\n\n\n<p>\u2013 Seleccionar el panel Privacidad.<\/p>\n\n\n\n<p>\u2013 En la opci\u00f3n Firefox podr\u00e1 elegir Usar una configuraci\u00f3n personalizada para el historial para configurar las opciones.<\/p>\n\n\n\n<p>[&nbsp;<a href=\"https:\/\/support.mozilla.org\/es\/kb\/cookies-informacion-que-los-sitios-web-guardan-en-\">M\u00e1s informaci\u00f3n sobre Mozilla Firefox<\/a>&nbsp;]<\/p>\n\n\n\n<p>Para ajustar los permisos relacionados con las \u2018cookies\u2019 en el navegador&nbsp;Internet Explorer 9:<\/p>\n\n\n\n<p>\u2013 En la parte superior de la ventana de Internet Explorer hacer clic en el men\u00fa Herramientas.<\/p>\n\n\n\n<p>\u2013 Seleccionar la pesta\u00f1a de Seguridad y utilizar la opci\u00f3n Eliminar el historial de exploraci\u00f3n para eliminar las \u2018cookies\u2019. Activar la casilla \u2018Cookies\u2019 y, a continuaci\u00f3n, hacer clic en Eliminar.<\/p>\n\n\n\n<p>\u2013 Seleccionar la pesta\u00f1a de Seguridad y acceder a Configuraci\u00f3n. Mover el control deslizante totalmente hacia arriba para bloquear todas las \u2018cookies\u2019 o totalmente hacia abajo para permitir todas las \u2018cookies\u2019. Tras ello, hacer clic en Aceptar.<\/p>\n\n\n\n<p>[&nbsp;<a href=\"http:\/\/windows.microsoft.com\/es-es\/windows7\/how-to-manage-cookies-in-internet-explorer-9\">M\u00e1s informaci\u00f3n sobre Internet Explorer 9<\/a>&nbsp;]<\/p>\n\n\n\n<p>En caso de bloquear el uso de \u2018cookies\u2019 en su navegador es posible que algunos servicios o funcionalidades de la p\u00e1gina web no est\u00e9n disponibles.<\/p>\n\n\n\n<p>En algunos navegadores se pueden configurar reglas espec\u00edficas para administrar \u2018cookies\u2019 por sitio web, lo que ofrece un control m\u00e1s preciso sobre la privacidad. Esto significa que se puede inhabilitar \u2018cookies\u2019 de todos los sitios salvo de aquellos en los que se conf\u00ede.<\/p>\n","protected":false},"excerpt":{"rendered":"<p>CONDICIONES DE USO La direcci\u00f3n de nuestra web es: https:\/\/www.contratalla.art El uso de este sitio web est\u00e1 condicionado a la aceptaci\u00f3n por los usuarios de los t\u00e9rminos y condiciones aqu\u00ed [&hellip;]<\/p>\n","protected":false},"author":1,"featured_media":0,"parent":0,"menu_order":0,"comment_status":"closed","ping_status":"closed","template":"","meta":{"jetpack_post_was_ever_published":false,"footnotes":""},"class_list":["post-72","page","type-page","status-publish","hentry"],"aioseo_notices":[],"jetpack-related-posts":[],"jetpack_shortlink":"https:\/\/wp.me\/Pf96kx-1a","jetpack_sharing_enabled":true,"_links":{"self":[{"href":"https:\/\/contratalla.art\/index.php\/wp-json\/wp\/v2\/pages\/72","targetHints":{"allow":["GET"]}}],"collection":[{"href":"https:\/\/contratalla.art\/index.php\/wp-json\/wp\/v2\/pages"}],"about":[{"href":"https:\/\/contratalla.art\/index.php\/wp-json\/wp\/v2\/types\/page"}],"author":[{"embeddable":true,"href":"https:\/\/contratalla.art\/index.php\/wp-json\/wp\/v2\/users\/1"}],"replies":[{"embeddable":true,"href":"https:\/\/contratalla.art\/index.php\/wp-json\/wp\/v2\/comments?post=72"}],"version-history":[{"count":3,"href":"https:\/\/contratalla.art\/index.php\/wp-json\/wp\/v2\/pages\/72\/revisions"}],"predecessor-version":[{"id":233,"href":"https:\/\/contratalla.art\/index.php\/wp-json\/wp\/v2\/pages\/72\/revisions\/233"}],"wp:attachment":[{"href":"https:\/\/contratalla.art\/index.php\/wp-json\/wp\/v2\/media?parent=72"}],"curies":[{"name":"wp","href":"https:\/\/api.w.org\/{rel}","templated":true}]}}